{"id":5153,"date":"2022-11-27T12:26:52","date_gmt":"2022-11-27T12:26:52","guid":{"rendered":"https:\/\/www.ramon.paris\/portfolio\/el-paguey\/"},"modified":"2023-11-18T13:05:27","modified_gmt":"2023-11-18T13:05:27","slug":"el-paguey","status":"publish","type":"portfolio","link":"https:\/\/www.ramon.paris\/es\/portfolio\/el-paguey\/","title":{"rendered":"El Pag\u00fcey"},"content":{"rendered":"\n<div class=\"wp-block-group\"><div class=\"wp-block-group__inner-container is-layout-constrained wp-block-group-is-layout-constrained\">\n<p class=\"has-text-align-left\">El pag\u00fcey y los personajes est\u00e1n inspirados en las personas que viven en el campo en una regi\u00f3n conocida como los llanos venezolanos. El paisaje es plano y extenso hasta donde llega la vista y es dif\u00edcil calcular la distancia hasta el horizonte. El r\u00edo disminuye su cauce durante seis meses y crece hasta desbordarse durante la temporada de lluvia. Cada vez que bajan las aguas, las personas recogen y rescatana lo que se haya llevado el r\u00edo y se prepararan para la temporada de sequ\u00eda. La inmensidad del paisaje y el clima adverso transforma el caracter y los locales tienen una percepci\u00f3n particular del tiempo y el espacio. Para resaltar la importancia de la naturaleza y la adaptabilidad con sus ciclos, nos inspiramos en el trabajo del famoso pintor venezolano Armando Rever\u00f3n.<\/p>\n<\/div><\/div>\n\n<p>\u00a0<\/p>\n\n<p>\u00a0<\/p>\n\n<div class=\"wp-block-columns is-layout-flex wp-container-core-columns-is-layout-9d6595d7 wp-block-columns-is-layout-flex\">\n<div class=\"wp-block-column is-layout-flow wp-block-column-is-layout-flow\">\n<p class=\"has-text-align-right\"><strong>Direcci\u00f3n<\/strong>, <strong>Gui\u00f3n<\/strong>, Ram\u00f3n Par\u00eds <br\/><strong>Producci\u00f3n<\/strong> Tere Castillo<br\/><strong>Modelado 3D<\/strong> Ram\u00f3n Par\u00eds &amp; Tere Castillo<br\/><br\/><\/p>\n<\/div>\n\n\n\n<div class=\"wp-block-column is-layout-flow wp-block-column-is-layout-flow\">\n<p class=\"has-text-align-left\"><strong>Textura y 3D Painting<\/strong> Ram\u00f3n Par\u00eds<br\/><strong>Animaci\u00f3n 3D<\/strong> y <strong>Postproducci\u00f3n<\/strong> Ram\u00f3n Par\u00eds y Tere Castillo<br\/><strong>Music and Sound<\/strong> Albert S. Fern\u00e1ndez Aldab\u00f3.<\/p>\n<\/div>\n<\/div>\n","protected":false},"excerpt":{"rendered":"<p>El pag\u00fcey y los personajes est\u00e1n inspirados en las personas que viven en el campo en una regi\u00f3n conocida como los llanos venezolanos. El paisaje es plano y extenso hasta donde llega la vista y es dif\u00edcil calcular la distancia hasta el horizonte. El r\u00edo disminuye su cauce durante seis meses y crece hasta desbordarse&hellip;<\/p>\n","protected":false},"author":1,"featured_media":4498,"comment_status":"closed","ping_status":"closed","template":"","meta":{"_acf_changed":false,"inline_featured_image":false,"_monsterinsights_skip_tracking":false,"_monsterinsights_sitenote_active":false,"_monsterinsights_sitenote_note":"","_monsterinsights_sitenote_category":0,"footnotes":""},"portfolio_category":[133,139],"portfolio_tag":[],"class_list":["post-5153","portfolio","type-portfolio","status-publish","has-post-thumbnail","hentry","portfolio_category-animacion","portfolio_category-ilustracion"],"acf":[],"yoast_head":"<!-- This site is optimized with the Yoast SEO plugin v27.3 - https:\/\/yoast.com\/product\/yoast-seo-wordpress\/ -->\n<title>El Pag\u00fcey - Ramon Paris<\/title>\n<meta name=\"description\" content=\"El Pag\u00fcey: Cortometraje inspirado en un cuento de Horacio Quiroga y los cuadros del pintor venezolano Armando Rever\u00f3n.\" \/>\n<meta name=\"robots\" content=\"index, follow, max-snippet:-1, max-image-preview:large, max-video-preview:-1\" \/>\n<link rel=\"canonical\" href=\"https:\/\/www.ramon.paris\/es\/portfolio\/el-paguey\/\" \/>\n<meta property=\"og:locale\" content=\"es_ES\" \/>\n<meta property=\"og:type\" content=\"article\" \/>\n<meta property=\"og:title\" content=\"El Pag\u00fcey - Ramon Paris\" \/>\n<meta property=\"og:description\" content=\"El Pag\u00fcey: Cortometraje inspirado en un cuento de Horacio Quiroga y los cuadros del pintor venezolano Armando Rever\u00f3n.\" \/>\n<meta property=\"og:url\" content=\"https:\/\/www.ramon.paris\/es\/portfolio\/el-paguey\/\" \/>\n<meta property=\"og:site_name\" content=\"Ramon Paris\" \/>\n<meta property=\"article:publisher\" content=\"http:\/\/www.facebook.com\/ramon.paris.ilustrador\" \/>\n<meta property=\"article:modified_time\" content=\"2023-11-18T13:05:27+00:00\" \/>\n<meta property=\"og:image\" content=\"https:\/\/www.ramon.paris\/wp-content\/uploads\/2017\/02\/ramon-paris-paguey-1.jpg\" \/>\n\t<meta property=\"og:image:width\" content=\"290\" \/>\n\t<meta property=\"og:image:height\" content=\"184\" \/>\n\t<meta property=\"og:image:type\" content=\"image\/jpeg\" \/>\n<meta name=\"twitter:card\" content=\"summary_large_image\" \/>\n<meta name=\"twitter:label1\" content=\"Tiempo de lectura\" \/>\n\t<meta name=\"twitter:data1\" content=\"1 minuto\" \/>\n<script type=\"application\/ld+json\" class=\"yoast-schema-graph\">{\"@context\":\"https:\\\/\\\/schema.org\",\"@graph\":[{\"@type\":\"WebPage\",\"@id\":\"https:\\\/\\\/www.ramon.paris\\\/es\\\/portfolio\\\/el-paguey\\\/\",\"url\":\"https:\\\/\\\/www.ramon.paris\\\/es\\\/portfolio\\\/el-paguey\\\/\",\"name\":\"El Pag\u00fcey - Ramon Paris\",\"isPartOf\":{\"@id\":\"https:\\\/\\\/www.ramon.paris\\\/es\\\/#website\"},\"primaryImageOfPage\":{\"@id\":\"https:\\\/\\\/www.ramon.paris\\\/es\\\/portfolio\\\/el-paguey\\\/#primaryimage\"},\"image\":{\"@id\":\"https:\\\/\\\/www.ramon.paris\\\/es\\\/portfolio\\\/el-paguey\\\/#primaryimage\"},\"thumbnailUrl\":\"https:\\\/\\\/www.ramon.paris\\\/wp-content\\\/uploads\\\/2017\\\/02\\\/ramon-paris-paguey-1.jpg\",\"datePublished\":\"2022-11-27T12:26:52+00:00\",\"dateModified\":\"2023-11-18T13:05:27+00:00\",\"description\":\"El Pag\u00fcey: Cortometraje inspirado en un cuento de Horacio Quiroga y los cuadros del pintor venezolano Armando Rever\u00f3n.\",\"breadcrumb\":{\"@id\":\"https:\\\/\\\/www.ramon.paris\\\/es\\\/portfolio\\\/el-paguey\\\/#breadcrumb\"},\"inLanguage\":\"es\",\"potentialAction\":[{\"@type\":\"ReadAction\",\"target\":[\"https:\\\/\\\/www.ramon.paris\\\/es\\\/portfolio\\\/el-paguey\\\/\"]}]},{\"@type\":\"ImageObject\",\"inLanguage\":\"es\",\"@id\":\"https:\\\/\\\/www.ramon.paris\\\/es\\\/portfolio\\\/el-paguey\\\/#primaryimage\",\"url\":\"https:\\\/\\\/www.ramon.paris\\\/wp-content\\\/uploads\\\/2017\\\/02\\\/ramon-paris-paguey-1.jpg\",\"contentUrl\":\"https:\\\/\\\/www.ramon.paris\\\/wp-content\\\/uploads\\\/2017\\\/02\\\/ramon-paris-paguey-1.jpg\",\"width\":290,\"height\":184},{\"@type\":\"BreadcrumbList\",\"@id\":\"https:\\\/\\\/www.ramon.paris\\\/es\\\/portfolio\\\/el-paguey\\\/#breadcrumb\",\"itemListElement\":[{\"@type\":\"ListItem\",\"position\":1,\"name\":\"Home\",\"item\":\"https:\\\/\\\/www.ramon.paris\\\/es\\\/portafolio-3\\\/\"},{\"@type\":\"ListItem\",\"position\":2,\"name\":\"Portfolio\",\"item\":\"https:\\\/\\\/www.ramon.paris\\\/es\\\/portfolio\\\/\"},{\"@type\":\"ListItem\",\"position\":3,\"name\":\"Ilustraci\u00f3n\",\"item\":\"https:\\\/\\\/www.ramon.paris\\\/es\\\/portafolio-categoria\\\/ilustracion\\\/\"},{\"@type\":\"ListItem\",\"position\":4,\"name\":\"El Pag\u00fcey\"}]},{\"@type\":\"WebSite\",\"@id\":\"https:\\\/\\\/www.ramon.paris\\\/es\\\/#website\",\"url\":\"https:\\\/\\\/www.ramon.paris\\\/es\\\/\",\"name\":\"Ramon Paris\",\"description\":\"\",\"potentialAction\":[{\"@type\":\"SearchAction\",\"target\":{\"@type\":\"EntryPoint\",\"urlTemplate\":\"https:\\\/\\\/www.ramon.paris\\\/es\\\/?s={search_term_string}\"},\"query-input\":{\"@type\":\"PropertyValueSpecification\",\"valueRequired\":true,\"valueName\":\"search_term_string\"}}],\"inLanguage\":\"es\"}]}<\/script>\n<!-- \/ Yoast SEO plugin. -->","yoast_head_json":{"title":"El Pag\u00fcey - Ramon Paris","description":"El Pag\u00fcey: Cortometraje inspirado en un cuento de Horacio Quiroga y los cuadros del pintor venezolano Armando Rever\u00f3n.","robots":{"index":"index","follow":"follow","max-snippet":"max-snippet:-1","max-image-preview":"max-image-preview:large","max-video-preview":"max-video-preview:-1"},"canonical":"https:\/\/www.ramon.paris\/es\/portfolio\/el-paguey\/","og_locale":"es_ES","og_type":"article","og_title":"El Pag\u00fcey - Ramon Paris","og_description":"El Pag\u00fcey: Cortometraje inspirado en un cuento de Horacio Quiroga y los cuadros del pintor venezolano Armando Rever\u00f3n.","og_url":"https:\/\/www.ramon.paris\/es\/portfolio\/el-paguey\/","og_site_name":"Ramon Paris","article_publisher":"http:\/\/www.facebook.com\/ramon.paris.ilustrador","article_modified_time":"2023-11-18T13:05:27+00:00","og_image":[{"width":290,"height":184,"url":"https:\/\/www.ramon.paris\/wp-content\/uploads\/2017\/02\/ramon-paris-paguey-1.jpg","type":"image\/jpeg"}],"twitter_card":"summary_large_image","twitter_misc":{"Tiempo de lectura":"1 minuto"},"schema":{"@context":"https:\/\/schema.org","@graph":[{"@type":"WebPage","@id":"https:\/\/www.ramon.paris\/es\/portfolio\/el-paguey\/","url":"https:\/\/www.ramon.paris\/es\/portfolio\/el-paguey\/","name":"El Pag\u00fcey - Ramon Paris","isPartOf":{"@id":"https:\/\/www.ramon.paris\/es\/#website"},"primaryImageOfPage":{"@id":"https:\/\/www.ramon.paris\/es\/portfolio\/el-paguey\/#primaryimage"},"image":{"@id":"https:\/\/www.ramon.paris\/es\/portfolio\/el-paguey\/#primaryimage"},"thumbnailUrl":"https:\/\/www.ramon.paris\/wp-content\/uploads\/2017\/02\/ramon-paris-paguey-1.jpg","datePublished":"2022-11-27T12:26:52+00:00","dateModified":"2023-11-18T13:05:27+00:00","description":"El Pag\u00fcey: Cortometraje inspirado en un cuento de Horacio Quiroga y los cuadros del pintor venezolano Armando Rever\u00f3n.","breadcrumb":{"@id":"https:\/\/www.ramon.paris\/es\/portfolio\/el-paguey\/#breadcrumb"},"inLanguage":"es","potentialAction":[{"@type":"ReadAction","target":["https:\/\/www.ramon.paris\/es\/portfolio\/el-paguey\/"]}]},{"@type":"ImageObject","inLanguage":"es","@id":"https:\/\/www.ramon.paris\/es\/portfolio\/el-paguey\/#primaryimage","url":"https:\/\/www.ramon.paris\/wp-content\/uploads\/2017\/02\/ramon-paris-paguey-1.jpg","contentUrl":"https:\/\/www.ramon.paris\/wp-content\/uploads\/2017\/02\/ramon-paris-paguey-1.jpg","width":290,"height":184},{"@type":"BreadcrumbList","@id":"https:\/\/www.ramon.paris\/es\/portfolio\/el-paguey\/#breadcrumb","itemListElement":[{"@type":"ListItem","position":1,"name":"Home","item":"https:\/\/www.ramon.paris\/es\/portafolio-3\/"},{"@type":"ListItem","position":2,"name":"Portfolio","item":"https:\/\/www.ramon.paris\/es\/portfolio\/"},{"@type":"ListItem","position":3,"name":"Ilustraci\u00f3n","item":"https:\/\/www.ramon.paris\/es\/portafolio-categoria\/ilustracion\/"},{"@type":"ListItem","position":4,"name":"El Pag\u00fcey"}]},{"@type":"WebSite","@id":"https:\/\/www.ramon.paris\/es\/#website","url":"https:\/\/www.ramon.paris\/es\/","name":"Ramon Paris","description":"","potentialAction":[{"@type":"SearchAction","target":{"@type":"EntryPoint","urlTemplate":"https:\/\/www.ramon.paris\/es\/?s={search_term_string}"},"query-input":{"@type":"PropertyValueSpecification","valueRequired":true,"valueName":"search_term_string"}}],"inLanguage":"es"}]}},"_links":{"self":[{"href":"https:\/\/www.ramon.paris\/es\/wp-json\/wp\/v2\/portfolio\/5153","targetHints":{"allow":["GET"]}}],"collection":[{"href":"https:\/\/www.ramon.paris\/es\/wp-json\/wp\/v2\/portfolio"}],"about":[{"href":"https:\/\/www.ramon.paris\/es\/wp-json\/wp\/v2\/types\/portfolio"}],"author":[{"embeddable":true,"href":"https:\/\/www.ramon.paris\/es\/wp-json\/wp\/v2\/users\/1"}],"replies":[{"embeddable":true,"href":"https:\/\/www.ramon.paris\/es\/wp-json\/wp\/v2\/comments?post=5153"}],"version-history":[{"count":5,"href":"https:\/\/www.ramon.paris\/es\/wp-json\/wp\/v2\/portfolio\/5153\/revisions"}],"predecessor-version":[{"id":6140,"href":"https:\/\/www.ramon.paris\/es\/wp-json\/wp\/v2\/portfolio\/5153\/revisions\/6140"}],"wp:featuredmedia":[{"embeddable":true,"href":"https:\/\/www.ramon.paris\/es\/wp-json\/wp\/v2\/media\/4498"}],"wp:attachment":[{"href":"https:\/\/www.ramon.paris\/es\/wp-json\/wp\/v2\/media?parent=5153"}],"wp:term":[{"taxonomy":"portfolio_category","embeddable":true,"href":"https:\/\/www.ramon.paris\/es\/wp-json\/wp\/v2\/portfolio_category?post=5153"},{"taxonomy":"portfolio_tag","embeddable":true,"href":"https:\/\/www.ramon.paris\/es\/wp-json\/wp\/v2\/portfolio_tag?post=5153"}],"curies":[{"name":"wp","href":"https:\/\/api.w.org\/{rel}","templated":true}]}}

El Pagüey

<div class="wp-block-group"><div class="wp-block-group__inner-container is-layout-constrained wp-block-group-is-layout-constrained">
<p class="has-text-align-left">El pagüey y los personajes están inspirados en las personas que viven en el campo en una región conocida como los llanos venezolanos. El paisaje es plano y extenso hasta donde llega la vista y es difícil calcular la distancia hasta el horizonte. El río disminuye su cauce durante seis meses y crece hasta desbordarse durante la temporada de lluvia. Cada vez que bajan las aguas, las personas recogen y rescatana lo que se haya llevado el río y se prepararan para la temporada de sequía. La inmensidad del paisaje y el clima adverso transforma el caracter y los locales tienen una percepción particular del tiempo y el espacio. Para resaltar la importancia de la naturaleza y la adaptabilidad con sus ciclos, nos inspiramos en el trabajo del famoso pintor venezolano Armando Reverón.</p>
</div></div>

<p> </p>

<p> </p>

<div class="wp-block-columns is-layout-flex wp-container-core-columns-is-layout-9d6595d7 wp-block-columns-is-layout-flex">
<div class="wp-block-column is-layout-flow wp-block-column-is-layout-flow">
<p class="has-text-align-right"><strong>Dirección</strong>, <strong>Guión</strong>, Ramón París <br/><strong>Producción</strong> Tere Castillo<br/><strong>Modelado 3D</strong> Ramón París &amp; Tere Castillo<br/><br/></p>
</div>



<div class="wp-block-column is-layout-flow wp-block-column-is-layout-flow">
<p class="has-text-align-left"><strong>Textura y 3D Painting</strong> Ramón París<br/><strong>Animación 3D</strong> y <strong>Postproducción</strong> Ramón París y Tere Castillo<br/><strong>Music and Sound</strong> Albert S. Fernández Aldabó.</p>
</div>
</div>

<p>El pagüey y los personajes están inspirados en las personas que viven en el campo en una región conocida como los llanos venezolanos. El paisaje es plano y extenso hasta donde llega la vista y es difícil calcular la distancia hasta el horizonte. El río disminuye su cauce durante seis meses y crece hasta desbordarse&hellip;</p>

<!-- This site is optimized with the Yoast SEO plugin v27.3 - https://yoast.com/product/yoast-seo-wordpress/ -->
<title>El Pagüey - Ramon Paris</title>
<meta name="description" content="El Pagüey: Cortometraje inspirado en un cuento de Horacio Quiroga y los cuadros del pintor venezolano Armando Reverón." />
<meta name="robots" content="index, follow, max-snippet:-1, max-image-preview:large, max-video-preview:-1" />
<link rel="canonical" href="https://www.ramon.paris/es/portfolio/el-paguey/" />
<meta property="og:locale" content="es_ES" />
<meta property="og:type" content="article" />
<meta property="og:title" content="El Pagüey - Ramon Paris" />
<meta property="og:description" content="El Pagüey: Cortometraje inspirado en un cuento de Horacio Quiroga y los cuadros del pintor venezolano Armando Reverón." />
<meta property="og:url" content="https://www.ramon.paris/es/portfolio/el-paguey/" />
<meta property="og:site_name" content="Ramon Paris" />
<meta property="article:publisher" content="http://www.facebook.com/ramon.paris.ilustrador" />
<meta property="article:modified_time" content="2023-11-18T13:05:27+00:00" />
<meta property="og:image" content="https://www.ramon.paris/wp-content/uploads/2017/02/ramon-paris-paguey-1.jpg" />
	<meta property="og:image:width" content="290" />
	<meta property="og:image:height" content="184" />
	<meta property="og:image:type" content="image/jpeg" />
<meta name="twitter:card" content="summary_large_image" />
<meta name="twitter:label1" content="Tiempo de lectura" />
	<meta name="twitter:data1" content="1 minuto" />
<script type="application/ld+json" class="yoast-schema-graph">{"@context":"https:\/\/schema.org","@graph":[{"@type":"WebPage","@id":"https:\/\/www.ramon.paris\/es\/portfolio\/el-paguey\/","url":"https:\/\/www.ramon.paris\/es\/portfolio\/el-paguey\/","name":"El Pagüey - Ramon Paris","isPartOf":{"@id":"https:\/\/www.ramon.paris\/es\/#website"},"primaryImageOfPage":{"@id":"https:\/\/www.ramon.paris\/es\/portfolio\/el-paguey\/#primaryimage"},"image":{"@id":"https:\/\/www.ramon.paris\/es\/portfolio\/el-paguey\/#primaryimage"},"thumbnailUrl":"https:\/\/www.ramon.paris\/wp-content\/uploads\/2017\/02\/ramon-paris-paguey-1.jpg","datePublished":"2022-11-27T12:26:52+00:00","dateModified":"2023-11-18T13:05:27+00:00","description":"El Pagüey: Cortometraje inspirado en un cuento de Horacio Quiroga y los cuadros del pintor venezolano Armando Reverón.","breadcrumb":{"@id":"https:\/\/www.ramon.paris\/es\/portfolio\/el-paguey\/#breadcrumb"},"inLanguage":"es","potentialAction":[{"@type":"ReadAction","target":["https:\/\/www.ramon.paris\/es\/portfolio\/el-paguey\/"]}]},{"@type":"ImageObject","inLanguage":"es","@id":"https:\/\/www.ramon.paris\/es\/portfolio\/el-paguey\/#primaryimage","url":"https:\/\/www.ramon.paris\/wp-content\/uploads\/2017\/02\/ramon-paris-paguey-1.jpg","contentUrl":"https:\/\/www.ramon.paris\/wp-content\/uploads\/2017\/02\/ramon-paris-paguey-1.jpg","width":290,"height":184},{"@type":"BreadcrumbList","@id":"https:\/\/www.ramon.paris\/es\/portfolio\/el-paguey\/#breadcrumb","itemListElement":[{"@type":"ListItem","position":1,"name":"Home","item":"https:\/\/www.ramon.paris\/es\/portafolio-3\/"},{"@type":"ListItem","position":2,"name":"Portfolio","item":"https:\/\/www.ramon.paris\/es\/portfolio\/"},{"@type":"ListItem","position":3,"name":"Ilustración","item":"https:\/\/www.ramon.paris\/es\/portafolio-categoria\/ilustracion\/"},{"@type":"ListItem","position":4,"name":"El Pagüey"}]},{"@type":"WebSite","@id":"https:\/\/www.ramon.paris\/es\/#website","url":"https:\/\/www.ramon.paris\/es\/","name":"Ramon Paris","description":"","potentialAction":[{"@type":"SearchAction","target":{"@type":"EntryPoint","urlTemplate":"https:\/\/www.ramon.paris\/es\/?s={search_term_string}"},"query-input":{"@type":"PropertyValueSpecification","valueRequired":true,"valueName":"search_term_string"}}],"inLanguage":"es"}]}</script>
<!-- / Yoast SEO plugin. -->

El Pagüey - Ramon Paris

El Pagüey: Cortometraje inspirado en un cuento de Horacio Quiroga y los cuadros del pintor venezolano Armando Reverón.

Ilustración
